 the greatest common divisor of 371 and 253764?
371
What is the highest common divisor of 6160 and 385?
385
What is the highest common divisor of 1271943 and 2681?
383
What is the highest common factor of 18 and 168039?
9
Calculate the highest common divisor of 1911 and 3234.
147
Calculate the greatest common factor of 152 and 182488.
8
Calculate the highest common divisor of 24315 and 15.
15
Calculate the highest common divisor of 5229153 and 2466.
1233
What is the greatest common factor of 96 and 7962?
6
Calculate the highest common divisor of 164508 and 492.
12
Calculate the highest common divisor of 6144 and 624.
48
Calculate the greatest common divisor of 3746136 and 24.
24
What is the highest common factor of 2960 and 29320?
40
What is the greatest common factor of 36218 and 182?
182
What is the greatest common factor of 21320 and 5720?
520
What is the highest common divisor of 51986 and 286?
22
What is the greatest common divisor of 2386422 and 162?
162
What is the highest common factor of 209388 and 4?
4
Calculate the greatest common factor of 2200 and 43200.
200
Calculate the greatest common divisor of 24010 and 5880.
490
What is the highest common divisor of 116 and 18154?
58
What is the highest common divisor of 6688 and 2400?
32
What is the greatest common divisor of 7456 and 34251?
233
What is the greatest common divisor of 172 and 55814?
86
Calculate the highest common factor of 248957 and 38.
19
What is the greatest common factor of 2168 and 16?
8
Calculate the greatest common factor of 3168 and 64512.
288
Calculate the greatest common factor of 146873 and 10654.
761
What is the highest common factor of 84792 and 552?
24
What is the greatest common divisor of 153 and 108239?
17
Calculate the highest common divisor of 14874 and 74169.
201
Calculate the greatest common divisor of 19912 and 5016.
152
What is the highest common factor of 2738 and 6031?
37
What is the highest common divisor of 78460 and 140?
20
Calculate the highest common divisor of 292 and 4964.
292
Calculate the greatest common divisor of 268 and 54716.
4
Calculate the highest common factor of 761910 and 9156.
654
Calculate the highest common factor of 198 and 449328.
66
Calculate the highest common factor of 5910784 and 128.
128
Calculate the highest common factor of 8732 and 2596.
236
What is the greatest common divisor of 11340 and 205?
5
What is the highest common factor of 1080 and 25554?
6
What is the greatest common factor of 86124 and 12?
12
What is the greatest common factor of 365958 and 502?
502
What is the greatest common factor of 215031 and 11679?
687
What is the greatest common divisor of 12 and 24261?
3
Calculate the greatest common divisor of 49 and 448049.
7
What is the greatest common divisor of 11610 and 20?
10
Calculate the highest common divisor of 1569 and 1771401.
1569
What is the greatest common factor of 317256 and 72?
24
What is the greatest common divisor of 53092 and 117?
13
Calculate the highest common factor of 197727 and 153.
51
Calculate the greatest common factor of 17 and 2124762.
17
Calculate the highest common divisor of 283 and 3060362.
283
Calculate the greatest common divisor of 1323 and 32487.
147
Calculate the greatest common divisor of 226317 and 13377.
273
Calculate the highest common factor of 1112 and 8.
8
Calculate the highest common divisor of 66538 and 76.
38
Calculate the greatest common divisor of 50 and 14290.
10
What is the greatest common divisor of 700 and 133460?
20
Calculate the highest common factor of 268 and 312957.
67
Calculate the greatest common divisor of 51 and 61863.
51
Calculate the highest common divisor of 4872 and 12.
12
What is the greatest common divisor of 114468 and 324?
12
Calculate the highest common factor of 2535 and 90.
15
What is the highest common factor of 6232 and 32?
8
Calculate the highest common factor of 1881 and 5871.
57
Calculate the greatest common factor of 32450 and 638.
22
Calculate the greatest common factor of 536 and 1639892.
268
Calculate the highest common factor of 12825 and 6156.
513
Calculate the greatest common divisor of 36686 and 16102.
166
Calculate the highest common divisor of 20 and 16420.
20
What is the highest common factor of 2388053 and 19?
19
What is the greatest common divisor of 232 and 657024?
232
What is the greatest common divisor of 46440 and 80?
40
Calculate the highest common factor of 293427 and 423.
9
What is the greatest common factor of 87 and 435?
87
Calculate the greatest common divisor of 38185 and 4970.
35
What is the highest common factor of 312 and 3241368?
312
Calculate the highest common factor of 722959 and 7912.
989
What is the greatest common factor of 246 and 17015?
41
What is the greatest common factor of 128106 and 594?
198
What is the greatest common factor of 344868 and 1972?
116
Calculate the highest common divisor of 5800 and 1075.
25
What is the highest common factor of 7533589 and 434?
217
Calculate the highest common factor of 91 and 2219.
7
Calculate the highest common divisor of 124 and 11222.
62
What is the highest common divisor of 2560277 and 334?
167
What is the greatest common divisor of 3283420 and 1410?
470
Calculate the highest common factor of 2185045 and 215.
215
Calculate the highest common divisor of 5 and 206315.
5
What is the greatest common divisor of 60 and 41040?
60
What is the highest common factor of 199 and 19?
1
Calculate the greatest common divisor of 340 and 4140.
20
What is the highest common factor of 89012 and 272?
68
Calculate the greatest common factor of 323808 and 96.
96
Calculate the highest common factor of 2041 and 6721.
13
What is the greatest common divisor of 16 and 752472?
8
What is the highest common divisor of 252 and 93996?
252
Calculate the highest common divisor of 359 and 218631.
359
Calculate the highest common factor of 150 and 441498.
6
What is the highest common factor of 74 and 117142?
74
Calculate the greatest common factor of 762 and 228981.
381
Calculate the highest common divisor of 2676 and 2916.
12
What is the highest common divisor of 6 and 13154?
2
What is the highest common divisor of 186310 and 18910?
310
What is the highest common factor of 25 and 26715?
5
What is the greatest common factor of 51142 and 624?
26
Calculate the greatest common factor of 359820 and 900.
180
Calculate the greatest common divisor of 1173 and 442.
17
Calculate the highest common factor of 3 and 1559.
1
What is the highest common divisor of 142764 and 12?
12
Calculate the greatest common factor of 207714 and 4680.
78
What is the highest common factor of 45 and 116450?
5
What is the greatest common divisor of 120 and 31455?
15
What is the greatest common divisor of 412 and 5150?
206
Calculate the highest common divisor of 21189 and 378.
21
Calculate the highest common divisor of 108117 and 369.
369
What is the greatest common factor of 19274 and 184?
46
What is the highest common factor of 8 and 521?
1
Calculate the greatest common factor of 114437 and 3487.
317
Calculate the highest common divisor of 138 and 186162.
138
Calculate the highest common divisor of 327 and 1199.
109
Calculate the highest common divisor of 72 and 1044552.
24
What is the greatest common divisor of 218 and 19?
1
Calculate the highest common factor of 35673 and 1457.
47
Calculate the greatest common divisor of 179273 and 155.
31
Calculate the highest common factor of 5856 and 60939.
183
Calculate the greatest common divisor of 9472 and 48.
16
What is the highest common factor of 81176 and 5143?
139
Calculate the highest common factor of 432 and 20466.
54
Calculate the highest common factor of 9 and 75759.
3
Calculate the greatest common divisor of 94435 and 99.
11
Calculate the greatest common factor of 227423 and 106.
53
Calculate the highest common divisor of 6215 and 22.
11
What is the greatest common factor of 114 and 90592?
38
What is the greatest common divisor of 238407 and 78?
39
Calculate the greatest common factor of 252 and 32868.
36
What is the highest common divisor of 1225 and 20338675?
1225
Calculate the greatest common factor of 52 and 13322.
2
Calculate the highest common factor of 666938 and 38.
38
Calculate the greatest common factor of 66 and 17270.
22
What is the highest common factor o